{"id":52,"date":"2020-12-14T11:14:24","date_gmt":"2020-12-14T11:14:24","guid":{"rendered":"https:\/\/ekis.it\/edizioni\/?post_type=product&#038;p=52"},"modified":"2026-01-08T12:06:32","modified_gmt":"2026-01-08T12:06:32","slug":"separamarsi","status":"publish","type":"product","link":"https:\/\/ekis.it\/edizioni\/prodotto\/separamarsi\/","title":{"rendered":"Separamarsi"},"content":{"rendered":"<p>Hai mai pensato a come sarebbe poter vivere <strong>una separazione o un divorzio senza sofferenza e senza stress<\/strong>?<br \/>\nSolo un\u2019altra tappa della vita. <strong>Una vita che pu\u00f2 e deve continuare<\/strong>.<\/p>\n<p>Come si pu\u00f2 costruire un percorso di separazione evitando traumi?<\/p>\n<p>Come puoi prepararti al meglio per attraversare l\u2019esperienza della separazione e rinascere?<\/p>\n<p>Separamarsi ti aiuta ad affrontare ogni aspetto della separazione e del divorzio, dal punto di vista sia legale che emotivo.<br \/>\n\u00c8 una vera e propria guida passo a passo per capire ci\u00f2 che comporta una separazione, vincere il senso di smarrimento e <strong>vivere al meglio tutte le fasi, fino alla rinascita<\/strong>.<\/p>\n<p>Pagina dopo pagina farai un viaggio tra pensieri ed emozioni, potrai capire, riflettere, lasciar andare e infine sarai una persona nuova, pronta a ricominciare da s\u00e9.<\/p>\n<p>Non siamo nati per essere infelici e soli. <em>C\u2019\u00e8 sempre un\u2019altra possibilit\u00e0 nella vita, e la meriti anche tu<\/em>.<\/p>\n[divider line_type=&#8221;full-width&#8221; custom_height=&#8221;50&#8243;]\n<h5><span style=\"color: #154333\">SCOPRI COSA TROVERAI NEL LIBRO<\/span><\/h5>\n<a class=\"nectar-button n-sc-button large accent-color regular-button\" target=\"_blank\" href=\"\/wp-content\/uploads\/2020\/12\/SEPARAMARSI-Estratto-Indice.pdf\" data-color-override=\"false\" data-hover-color-override=\"false\" data-hover-text-color-override=\"#fff\"><span>SCARICA L'INDICE COMPLETO<\/span><\/a>\n[divider line_type=&#8221;full-width&#8221; custom_height=&#8221;50&#8243;]\n<h4>GLI AUTORI<\/h4>\n<p><strong>Massimiliano Arena<\/strong><br \/>\nPer anni avvocato divorzista, specializzato in tutela del patrimonio familiare, trust e fondi patrimoniali. Dal 1999 al 2010 Project Manager in America Latina e Africa per ONG umanitarie. \u00c8 PNL Practitioner, Counsellor filosofico e Coach, con due master all\u2019attivo.<br \/>\nSi appassiona all\u2019innovazione digitale, ritenendola l\u2019unica via per dare valore all\u2019impresa.<br \/>\n<span data-sheets-root=\"1\">Benvenuto nel mondo di <a class=\"in-cell-link\" href=\"https:\/\/casinoslotexo.it\/\" target=\"_blank\" rel=\"noopener\">slotexo<\/a>, dove la tradizione del grande gioco incontra bonus senza precedenti. Ogni spin \u00e8 un passo verso il tuo nuovo status da milionario, circondato dal lusso e dalla fortuna. Non perdere altro tempo, il momento di vincere alla grande \u00e8 adesso!<\/span><br \/>\nNel 2017 fonda Slidinglife, che entra subito tra le migliori startup italiane nella finale di Be-Heroes nel 2018, e nel 2019 vince il titolo di miglior startup italiana nel legal-tech. Autore del libro Io, avvocato di strada edito da Baldini&amp;Castoldi, in cui narra la sua esperienza di volontariato a favore dei senza fissa dimora.<\/p>\n<p><strong>Annalisa Ronchi<\/strong><br \/>\n\u00c8 Family &amp; Teen Coach, specializzata in dinamiche di coppia e gestione e prevenzione del conflitto nelle separazioni, tematiche dell\u2019et\u00e0 evolutiva e adolescenziale, comunicazione in famiglia e modalit\u00e0 educative. Il suo approccio unisce strumenti di coaching e di pedagogia steineriana. \u00c8 Master Practitioner di PNL certificata dalla Society of NLP.<br \/>\n\u00c8 co-responsabile, Trainer e Coach del progetto \u201cFamily &amp; Teen Coaching\u201d di Ekis &#8211; The Coaching Company, che comprende sia corsi per genitori ed educatori che per adolescenti e per aspiranti coach nel settore.<\/p>\n[divider line_type=&#8221;full-width&#8221; custom_height=&#8221;50&#8243;]\n<h4><img loading=\"lazy\" decoding=\"async\" class=\"wp-image-55 alignnone\" src=\"https:\/\/ekis.it\/edizioni\/wp-content\/uploads\/2020\/12\/Separamarsi_contenuti_extra-300x300.jpg\" alt=\"\" width=\"200\" height=\"200\" srcset=\"https:\/\/ekis.it\/edizioni\/wp-content\/uploads\/2020\/12\/Separamarsi_contenuti_extra-300x300.jpg 300w, https:\/\/ekis.it\/edizioni\/wp-content\/uploads\/2020\/12\/Separamarsi_contenuti_extra-150x150.jpg 150w, https:\/\/ekis.it\/edizioni\/wp-content\/uploads\/2020\/12\/Separamarsi_contenuti_extra-600x600.jpg 600w, https:\/\/ekis.it\/edizioni\/wp-content\/uploads\/2020\/12\/Separamarsi_contenuti_extra-1024x1024.jpg 1024w, https:\/\/ekis.it\/edizioni\/wp-content\/uploads\/2020\/12\/Separamarsi_contenuti_extra-768x768.jpg 768w, https:\/\/ekis.it\/edizioni\/wp-content\/uploads\/2020\/12\/Separamarsi_contenuti_extra-100x100.jpg 100w, https:\/\/ekis.it\/edizioni\/wp-content\/uploads\/2020\/12\/Separamarsi_contenuti_extra-140x140.jpg 140w, https:\/\/ekis.it\/edizioni\/wp-content\/uploads\/2020\/12\/Separamarsi_contenuti_extra-500x500.jpg 500w, https:\/\/ekis.it\/edizioni\/wp-content\/uploads\/2020\/12\/Separamarsi_contenuti_extra-350x350.jpg 350w, https:\/\/ekis.it\/edizioni\/wp-content\/uploads\/2020\/12\/Separamarsi_contenuti_extra-1000x1000.jpg 1000w, https:\/\/ekis.it\/edizioni\/wp-content\/uploads\/2020\/12\/Separamarsi_contenuti_extra-800x800.jpg 800w, https:\/\/ekis.it\/edizioni\/wp-content\/uploads\/2020\/12\/Separamarsi_contenuti_extra.jpg 1081w\" sizes=\"auto, (max-width: 200px) 100vw, 200px\" \/><\/h4>\n<h4>In pi\u00f9 per te in OMAGGIO con l&#8217;acquisto del libro:<\/h4>\n<ul>\n<li><strong>10 video degli autori<\/strong> su gestione dei social, figli, patrimonio, casa, relazioni.<\/li>\n<li>Un <strong>estratto in anteprima<\/strong> di cosa leggerai nel libro.<\/li>\n<li><strong>Spedizione Gratuita<\/strong> a casa tua.<\/li>\n<\/ul>\n","protected":false},"excerpt":{"rendered":"<h5>Come affrontare il divorzio tra leggi ed emozioni<\/h5>\n<p>La guida per capire cosa comporta una separazione, vincere il senso di smarrimento e vivere al meglio ogni fase, fino alla rinascita.<br \/>\ndi Massimiliano Arena e Annalisa Ronchi<\/p>\n","protected":false},"featured_media":10,"comment_status":"open","ping_status":"closed","template":"","meta":[],"product_brand":[],"product_cat":[19],"product_tag":[],"class_list":{"0":"post-52","1":"product","2":"type-product","3":"status-publish","4":"has-post-thumbnail","6":"product_cat-life","8":"first","9":"instock","10":"taxable","11":"shipping-taxable","12":"purchasable","13":"product-type-variable"},"aioseo_notices":[],"_links":{"self":[{"href":"https:\/\/ekis.it\/edizioni\/wp-json\/wp\/v2\/product\/52","targetHints":{"allow":["GET"]}}],"collection":[{"href":"https:\/\/ekis.it\/edizioni\/wp-json\/wp\/v2\/product"}],"about":[{"href":"https:\/\/ekis.it\/edizioni\/wp-json\/wp\/v2\/types\/product"}],"replies":[{"embeddable":true,"href":"https:\/\/ekis.it\/edizioni\/wp-json\/wp\/v2\/comments?post=52"}],"wp:featuredmedia":[{"embeddable":true,"href":"https:\/\/ekis.it\/edizioni\/wp-json\/wp\/v2\/media\/10"}],"wp:attachment":[{"href":"https:\/\/ekis.it\/edizioni\/wp-json\/wp\/v2\/media?parent=52"}],"wp:term":[{"taxonomy":"product_brand","embeddable":true,"href":"https:\/\/ekis.it\/edizioni\/wp-json\/wp\/v2\/product_brand?post=52"},{"taxonomy":"product_cat","embeddable":true,"href":"https:\/\/ekis.it\/edizioni\/wp-json\/wp\/v2\/product_cat?post=52"},{"taxonomy":"product_tag","embeddable":true,"href":"https:\/\/ekis.it\/edizioni\/wp-json\/wp\/v2\/product_tag?post=52"}],"curies":[{"name":"wp","href":"https:\/\/api.w.org\/{rel}","templated":true}]}}